alculate n(-3).
-35
Let u(n) = n**2 + 55*n - 96. What is u(0)?
-96
Let b(n) = 401*n - 1636. Calculate b(5).
369
Let s(f) = -f**3 + 23*f**2 - 51*f - 184. Calculate s(20).
-4
Let n(u) = -u**3 + 15*u**2 + 399*u - 113. Give n(-14).
-15
Let b(u) = u**3 - 6*u**2 - 13*u + 23. Calculate b(8).
47
Let f(l) = 1324*l**3 + l**2 - l + 3. Give f(1).
1327
Let j(s) = -s - 33. Give j(-19).
-14
Let a(j) = 7*j**2 - 59*j - 56. Determine a(9).
-20
Let w(d) = 145*d - 25803. Give w(178).
7
Let m(x) = -x**3 + 101*x**2 + 90*x + 1114. Determine m(102).
-110
Let u(x) = -10*x**2 + 14*x + 156. Calculate u(0).
156
Let d(z) = -20*z**2 - 36*z + 111. Determine d(3).
-177
Let h(c) = -3*c**2 + 56*c + 19. Determine h(18).
55
Let b(r) = -r**2 - 65*r - 874. Calculate b(-20).
26
Let d(i) = -7*i - 357. Determine d(-61).
70
Let o(k) = k**3 + 7*k**2 - 2*k + 51. What is o(-8)?
3
Let n(u) = -u**2 - 35*u - 388. Determine n(-33).
-322
Let f(i) = 2*i**2 - 146*i - 15. Give f(73).
-15
Let q(n) = 22*n - 1106. Give q(51).
16
Let k(c) = -430*c + 6868. Give k(16).
-12
Let y(l) = -2136*l - 4184. Determine y(-2).
88
Let u(g) = -905*g - 6330. Give u(-7).
5
Let g(y) = -y**3 - 5*y**2 + y - 13. Determine g(0).
-13
Let k(u) = u**3 + 22*u**2 + 15*u - 32. Calculate k(-21).
94
Let m(c) = 2*c + 12. Calculate m(-4).
4
Let r(v) = v**3 - 19*v**2 + 10*v + 402. Determine r(17).
-6
Let c(j) = -8*j**2 - 327*j - 329. What is c(-40)?
-49
Let g(t) = 2*t**3 + 112*t**2 + 1443*t + 116. Determine g(-36).
8
Let l(p) = 6*p - 103. Determine l(-5).
-133
Let d(c) = -7*c**2 - 49*c - 156. What is d(-4)?
-72
Let v(n) = 11*n**3 - n**2 + 39*n - 85. Calculate v(2).
77
Let v(i) = -i**2 - i + 19. Determine v(12).
-137
Let j(g) = g**3 - 16*g**2 + 29*g - 32. Give j(14).
-18
Let n(v) = 3*v - 14. Give n(23).
55
Let p(x) = -2*x**3 - 12*x**2 - 4*x - 24. Calculate p(-6).
0
Let i(j) = -215*j - 3667. What is i(-17)?
-12
Let x(n) = -n**2 + 11*n + 136. Give x(22).
-106
Let c(a) = 11*a - 173. Calculate c(17).
14
Let v(l) = 3845*l + 7617. Determine v(-2).
-73
Let g(o) = 7*o**3 + 233*o**2 + 66*o + 57. Calculate g(-33).
57
Let l(y) = -3*y**3 + 34*y**2 + 66*y - 5. Calculate l(-2).
23
Let h(y) = 2*y**2 + 28*y - 228. Give h(-27).
474
Let g(h) = -h**2 + 9*h + 372. What is g(24)?
12
Let n(y) = -50*y + 1892. Determine n(38).
-8
Let m(l) = 9*l + 22. Determine m(10).
112
Let s(c) = -37*c**2 - 12*c + 4. Give s(-2).
-120
Let g(h) = 2*h**2 - 46*h - 60. Calculate g(23).
-60
Let t(j) = -55*j - 2962. What is t(-54)?
8
Let s(j) = 161*j - 552. Determine s(4).
92
Let q(u) = -2*u**2 - 50*u + 109. What is q(-27)?
1
Let i(d) = 51*d - 530. Determine i(11).
31
Let r(q) = q**3 - 7*q**2 + 13*q - 43. Give r(6).
-1
Let r(d) = -d**3 + 49*d**2 + 56*d - 99. Determine r(50).
201
Let s(y) = -y**2 + 55*y - 670. What is s(31)?
74
Let q(m) = -10*m**2 - 382*m - 73. Calculate q(-38).
3
Let c(i) = -9*i**2 + 3*i. What is c(-5)?
-240
Let x(b) = b**3 - 14*b**2 - 7*b - 18. Determine x(15).
102
Let f(m) = -4149*m - 82971. Give f(-20).
9
Let l(m) = 32*m**2 - 3*m + 3. Determine l(1).
32
Let t(y) = -y**3 + 44*y**2 + 190*y + 87. What is t(48)?
-9
Let f(i) = -i**2 - 116*i + 269. Determine f(-120).
-211
Let r(i) = -2*i**3 + 69*i**2 - 96*i - 79. What is r(33)?
20
Let y(n) = 7*n**2 + 9*n. Determine y(-4).
76
Let i(y) = -y**3 - 3*y + 2. Give i(3).
-34
Let h(q) = 2*q**3 + 103*q**2 - 155*q + 243. Give h(-53).
31
Let j(b) = -48*b**2 + 573*b + 37. Determine j(12).
1
Let n(i) = 31*i**2 - 20*i + 40. What is n(6)?
1036
Let b(m) = m**3 - 86*m**2 - 78*m - 697. Determine b(87).
86
Let q(o) = 3*o**2 + 10*o + 22. Give q(-11).
275
Let d(v) = -223*v - 2905. Calculate d(-13).
-6
Let l(x) = 3*x**2 + 85*x + 34. Determine l(-27).
-74
Let b(t) = -26*t + 164. Give b(7).
-18
Let y(h) = 2*h**3 - 4*h**2 - 8*h - 5. What is y(-1)?
-3
Let b(k) = -119*k - 642. Calculate b(-6).
72
Let a(s) = -328*s - 27. Give a(1).
-355
Let j(x) = -60*x**2 - 3363*x - 170. Determine j(-56).
-2
Let i(d) = 12*d + 967. What is i(-80)?
7
Let k(t) = 2*t**2 + 181*t - 2404. Calculate k(12).
56
Let z(b) = -b**3 - 16*b**2 - 83*b - 138. Calculate z(-7).
2
Let b(r) = -2*r**3 - 9*r - 48. What is b(-4)?
116
Let r(o) = o**3 + 8*o**2 + 51*o + 76. Give r(-7).
-232
Let l(n) = -3*n**2 + 7*n + 50. Determine l(-5).
-60
Let s(f) = -f**3 - 28*f**2 - 4*f - 55. Give s(-28).
57
Let p(l) = -l**2 + 7*l + 4. What is p(7)?
4
Let d(m) = 108*m + 3017. Calculate d(-28).
-7
Let q(u) = 3*u**3 + 69*u**2 - 108*u - 2486. What is q(-23)?
-2
Let p(u) = -5*u - 141. Calculate p(0).
-141
Let q(w) = 15*w**2 - 18*w + 29. Calculate q(2).
53
Let h(f) = -f**3 + 228*f**2 + 468*f - 1843. Calculate h(230).
-3
Let i(h) = 744*h - 72168. Give i(97).
0
Let d(c) = 3*c**3 - 45*c**2 - 235*c + 174. Give d(19).
41
Let o(u) = u**2 + 61*u + 224. Calculate o(-4).
-4
Let j(k) = -2*k**3 - 9*k**2 + 8*k + 12. Calculate j(-6).
72
Let o(s) = -2*s**3 + 36*s**2 - 2*s + 25. Give o(18).
-11
Let q(a) = 78*a + 1148. What is q(-15)?
-22
Let c(d) = 407*d - 6445. Give c(16).
67
Let q(y) = 34*y**2 + 301*y - 12. Calculate q(-9).
33
Let g(c) = c**2 - 5*c - 107. Calculate g(15).
43
Let y(s) = -57*s - 712. Calculate y(-12).
-28
Let q(c) = -10*c**2 + 56*c - 109. Calculate q(2).
-37
Let m(u) = -u**2 - 9*u - 14. What is m(-7)?
0
Let n(w) = -w**2 - 44*w - 380. Determine n(-32).
4
Let j(b) = 234*b + 21072. Give j(-90).
12
Let b(h) = -145*h + 453. Calculate b(3).
18
Let g(s) = s**3 - 23*s**2 + 10*s - 161. Calculate g(23).
69
Let i(c) = -176*c + 177. Calculate i(1).
1
Let n(w) = -2*w**2 + 41*w + 157. Give n(-5).
-98
Let a(o) = -o**3 + 27*o**2 - 4*o + 107. What is a(27)?
-1
Let o(u) = u**3 - 24*u - 25. Calculate o(-1).
-2
Let k(r) = 1965*r + 23607. Determine k(-12).
27
Let g(h) = 4*h**2 + 44*h + 115. What is g(-4)?
3
Let u(w) = -w**2 + 1430. Give u(-38).
-14
Let w(m) = 384*m - 1491. What is w(4)?
45
Let c(g) = -11*g**2 + 61*g + 13. Determine c(8).
-203
Let p(o) = -3*o**3 - 30*o**2 - 2*o - 21. Calculate p(-10).
-1
Let p(v) = -v**3 - 74*v**2 - 71*v - 5235. Calculate p(-74).
19
Let z(g) = -g**2 + 9*g - 8. Calculate z(9).
-8
Let s(d) = -d**3 - d**2 - 487*d - 70. Determine s(0).
-70
Let p(z) = z**2 - 70*z + 439. Give p(66).
175
Let z(d) = d**3 + 210*d**2 + 12*d + 2557. Calculate z(-210).
37
Let k(m) = m**3 - 13*m**2 - 138*m - 65. Calculate k(20).
-25
Let x(t) = -t**3 + 14*t**2 + 85*t - 1. Give x(-4).
-53
Let s(j) = 5*j**3 + 176*j**2 + 34*j - 77. Give s(-35).
-42
Let d(o) = -28*o**3 + 15*o**2 - 12*o - 3. What is d(1)?
-28
Let l(b) = -90*b - 1058. What is l(-7)?
-428
Let t(c) = -c**3 + 50*c**2 - 540*c + 544. Give t(35).
19
Let s(h) = 87*h + 104. Calculate s(-3).
-157
Let b(g) = 9*g**2 - 4*g - 1. What is b(0)?
-1
Let q(c) = c**3 + 2*c**2 + 64*c + 437. Give q(-6).
-91
Let b(s) = 745*s + 53621. Calculate b(-72).
-19
Let b(d) = 572*d + 3241. Calculate b(-5).
381
Let p(m) = 3*m**2 - 2*m + 170. What is p(0)?
170
Let d(w) = -w**3 - 91*w**2 - 100*w - 911. What is d(-90)?
-11
Let x(w) = 316*w + 7550. Determine x(-24).
-34
Let z(d) = -d**3 - 11*d**2 - 15*d - 19. Give z(-9).
-46
Let v(a) = -2*a**3 + 15*a**2 + 7*a + 28. What is v(8)?
20
Let w(h) = h**2 + 38*h - 3039. What is w(-77)?
-36
Let h(a) = -5*a**2 + 99*a - 476. What is h(12)?
-8
Let x(b) = -b**3 - 26*b**2 + 17*b - 109. Determine x(-27).
161
Let z(h) = -435*h - 1759. Determine z(-4).
-19
Let k(s) = -2*s**2 - 170*s - 3249. Give k(-56).
-1
Let g(r) = 5*r**2 + 8*r - 25. What is g(3)?
44
Let a(i) = -i**3 + 5*i**2 + i + 17. Determine a(5).
22
Let i(r) = r**2 - 93*r + 1604. Give i(24).
-52
Let w(r) = r**3 + 152*r**2 + 289*r - 1674. Calculate w(-150).
-24
Let t(j) = -359*j - 3312. What is t(-9)?
-81
Let r(n) = 64*n + 4598. What is r(-72)?
-10
Let w(u) = 19*u + 793. Give w(-42).
-5
Let n(a) = 204*a - 3846. Give n(18).
-174
Let x(p) = p**2 + 1132*p - 11463. Give x(10).
-43
Let n(x) = -8*x**2 + 14*x - 16. Give n(1).
-10
Let x(f) = 128*f - 28. Determine x(-2).
-284
Let c(a) = a**3 + 10*a**2 + 9*a + 16. Calculate c(-7).
100
Let j(d) = -43*d**2 + 390*d - 788. Calculate j(2).
-180
Let r(l) = -176*l + 752. Determine r(4).
48
Let f(t) = -t**2 - 5*t + 2446. What is f(-52)?
2
Let v(o) = -o**3 + 6*o**2 + 29*o - 133. What is v(6)?
41
Let a(i) = -4*i**3 - 35*i**2 - 5*i + 15. Calculate a(-8).
-137
Let z(g) = g**2 + 60*g + 906. Give z(-29).
7
Let c(n) = 5*n**2 - 61*n + 88. Give c(2).
-14
Let s(h) = -275*h**2 + 